{"id":7762,"date":"2017-06-23T17:22:20","date_gmt":"2017-06-23T17:22:20","guid":{"rendered":"https:\/\/agefriendlyworld.local.org\/?page_id=7762"},"modified":"2020-04-27T11:59:36","modified_gmt":"2020-04-27T11:59:36","slug":"application-form","status":"publish","type":"page","link":"https:\/\/extranet.who.int\/agefriendlyworld\/application-form\/","title":{"rendered":"Application Form"},"content":{"rendered":"<h2 class=\"english\" style=\"text-align: center;\">Application form for the WHO Global Network for Age-friendly Cities and Communities<\/h2>\n<h2 class=\"french\" style=\"text-align: center;\">Formulaire d\u2019inscription pour rejoindre le R\u00e9seau mondial OMS des villes et des communaut\u00e9s amies des a\u00een\u00e9s<\/h2>\n<h2 class=\"esp\" style=\"text-align: center;\">Formulario de Aplicaci\u00f3n para la Red Global de la OMS de Ciudades y Comunidades Amigables con las Personas Mayores<\/h2>\n<div class=\"application-highlight\">\n<p class=\"english\">Please prepare all your application materials beforehand as this form cannot be partially saved.<\/p>\n<p class=\"french\">Veuillez pr\u00e9parer au pr\u00e9alable tous les documents n\u00e9cessaires pour votre application car ce formulaire ne peut \u00eatre partiellement sauvegard\u00e9.<\/p>\n<p class=\"esp\">Previo a completar el formulario, por favor re\u00fana todos los materiales de su aplicaci\u00f3n ya que la informaci\u00f3n no puede ser salvada parcialmente.<\/p>\n<\/div>\n<p class=\"english\">Thank you for your interest in joining the WHO Global Network for Age-friendly Cities and Communities. If your application is successful, the information you provide in this form will be used to create a profile page for your city or community published on <a href=\"http:\/\/www.agefriendlyworld.org\" target=\"_blank\" rel=\"noopener noreferrer\">Age-friendly World<\/a>. This website will help you to increase the visibility of your work, enable you to inspire change by showing what you have done and how you have done it. It will connect you to cities and communities worldwide to facilitate the exchange of information and experience, and support cities and communities to find solutions through innovative and evidence-based technical guidance.<\/p>\n<p class=\"french\">Merci pour votre int\u00e9r\u00eat de joindre le R\u00e9seau mondial OMS des villes et des communaut\u00e9s amies des a\u00een\u00e9s. Si votre application est retenue, les informations contenues dans ce formulaire seront utiliser pour cr\u00e9er et publier le profil de votre ville\/communaut\u00e9 sur <a href=\"http:\/\/www.agefriendlyworld.org\" target=\"_blank\" rel=\"noopener noreferrer\">Age-friendly World<\/a>. Ce site web vous assistera \u00e0 augmenter la visibilit\u00e9 de votre travail, vous permettra \u00e0 inspirer le changement en montrant ce que vous avez d\u00e9j\u00e0 fait et comment. Il vous permettra de vous connecter avec d\u2019autres villes\/communaut\u00e9s dans le monde entier pour faciliter l\u2019\u00e9change d\u2019information et d\u2019exp\u00e9rience et \u00e0 supporter les villes\/communaut\u00e9s \u00e0 trouver des solutions avec des conseils techniques et innovatrices.<\/p>\n<p class=\"esp\">Gracias por su inter\u00e9s en unirse a la Red Global de la OMS de Ciudades y Comunidades Amigables con las Personas Mayores. Si su aplicaci\u00f3n es aceptada, la informaci\u00f3n suministrada en este formulario ser\u00e1 utilizada para crear un perfil de la ciudad o comunidad que ser\u00e1 publicada en el <a href=\"http:\/\/www.agefriendlyworld.org\/\">sitio web<\/a>. Su p\u00e1gina de perfil le ofrece la oportunidad de inspirar a otros en hacer el cambio mostrando lo que han hecho y c\u00f3mo lo han hecho. Tambi\u00e9n le conectar\u00e1 con otras ciudades y comunidades alrededor del mundo para facilitar el intercambio de informaci\u00f3n y experiencias, y brindar apoyo para encontrar soluciones a trav\u00e9s de gu\u00edas t\u00e9cnicas innovadoras y basadas en la evidencia.<\/p>\n<p><img decoding=\"async\" loading=\"lazy\" class=\"alignnone size-full wp-image-7765\" src=\"https:\/\/extranet.who.int\/agefriendlyworld\/wp-content\/uploads\/2017\/06\/GNAFCC-blue-whitebkg-cropped.jpg\" alt=\"WHO GNAFCC\" width=\"522\" height=\"174\" srcset=\"https:\/\/extranet.who.int\/agefriendlyworld\/wp-content\/uploads\/2017\/06\/GNAFCC-blue-whitebkg-cropped.jpg 522w, https:\/\/extranet.who.int\/agefriendlyworld\/wp-content\/uploads\/2017\/06\/GNAFCC-blue-whitebkg-cropped-300x100.jpg 300w, https:\/\/extranet.who.int\/agefriendlyworld\/wp-content\/uploads\/2017\/06\/GNAFCC-blue-whitebkg-cropped-244x81.jpg 244w, https:\/\/extranet.who.int\/agefriendlyworld\/wp-content\/uploads\/2017\/06\/GNAFCC-blue-whitebkg-cropped-150x50.jpg 150w, https:\/\/extranet.who.int\/agefriendlyworld\/wp-content\/uploads\/2017\/06\/GNAFCC-blue-whitebkg-cropped-60x20.jpg 60w\" sizes=\"(max-width: 522px) 100vw, 522px\" \/><\/p>\n","protected":false},"excerpt":{"rendered":"<p>Application form for the WHO Global Network for Age-friendly Cities and Communities<br \/>\nFormulaire d\u2019inscription pour rejoindre le R\u00e9seau mondial OMS des villes et des communaut\u00e9s amies des a\u00een\u00e9s<br \/>\nFormulario de Aplicaci\u00f3n para la Red Global de la OMS de Ciudades y Comunidades Amigables con las Personas Mayores<\/p>\n<p class=\"english\">Please prepare all your application materials beforehand as this form cannot be partially saved.<\/p>\n<p class=\"french\">Veuillez pr\u00e9parer au pr\u00e9alable tous les documents n\u00e9cessaires pour votre application car ce formulaire ne peut \u00eatre partiellement sauvegard\u00e9.<\/p>\n<p class=\"esp\">Previo a completar el formulario, por favor re\u00fana todos los materiales de su aplicaci\u00f3n ya que la informaci\u00f3n no puede ser salvada parcialmente.<\/p>\n<p class=\"english\">Thank you for your interest in joining the WHO Global Network for Age-friendly Cities and Communities. If your application is successful, the information you provide in this form will be used to create a profile page for your city or community published on <a href=\"http:\/\/www.agefriendlyworld.org\" target=\"_blank\" rel=\"noopener noreferrer\">Age-friendly World<\/a>. This website will help you to increase the visibility of your work, enable you to inspire change by showing what you have done and how you have done it. It will connect you to cities and communities worldwide to facilitate the exchange of information and experience, and support cities and communities to find solutions through innovative and evidence-based technical guidance.<\/p>\n<p class=\"french\">Merci pour votre int\u00e9r\u00eat de joindre le R\u00e9seau mondial OMS des villes et des communaut\u00e9s amies des a\u00een\u00e9s. Si votre application est retenue, les informations contenues dans ce formulaire seront utiliser pour cr\u00e9er et publier le profil de votre ville\/communaut\u00e9 sur <a href=\"http:\/\/www.agefriendlyworld.org\" target=\"_blank\" rel=\"noopener noreferrer\">Age-friendly World<\/a>. Ce site web vous assistera \u00e0 augmenter la visibilit\u00e9 de votre travail, vous permettra \u00e0 inspirer le changement en montrant ce que vous avez d\u00e9j\u00e0 fait et comment. Il vous permettra de vous connecter avec d\u2019autres villes\/communaut\u00e9s dans le monde entier pour faciliter l\u2019\u00e9change d\u2019information et d\u2019exp\u00e9rience et \u00e0 supporter les villes\/communaut\u00e9s \u00e0 trouver des solutions avec des conseils techniques et innovatrices.<\/p>\n","protected":false},"author":406,"featured_media":0,"parent":0,"menu_order":0,"comment_status":"closed","ping_status":"closed","template":"templates\/template-application.php","meta":{"_bbp_topic_count":0,"_bbp_reply_count":0,"_bbp_total_topic_count":0,"_bbp_total_reply_count":0,"_bbp_voice_count":0,"_bbp_anonymous_reply_count":0,"_bbp_topic_count_hidden":0,"_bbp_reply_count_hidden":0,"_bbp_forum_subforum_count":0},"acf":[],"_links":{"self":[{"href":"https:\/\/extranet.who.int\/agefriendlyworld\/wp-json\/wp\/v2\/pages\/7762"}],"collection":[{"href":"https:\/\/extranet.who.int\/agefriendlyworld\/wp-json\/wp\/v2\/pages"}],"about":[{"href":"https:\/\/extranet.who.int\/agefriendlyworld\/wp-json\/wp\/v2\/types\/page"}],"author":[{"embeddable":true,"href":"https:\/\/extranet.who.int\/agefriendlyworld\/wp-json\/wp\/v2\/users\/406"}],"replies":[{"embeddable":true,"href":"https:\/\/extranet.who.int\/agefriendlyworld\/wp-json\/wp\/v2\/comments?post=7762"}],"version-history":[{"count":21,"href":"https:\/\/extranet.who.int\/agefriendlyworld\/wp-json\/wp\/v2\/pages\/7762\/revisions"}],"predecessor-version":[{"id":25668,"href":"https:\/\/extranet.who.int\/agefriendlyworld\/wp-json\/wp\/v2\/pages\/7762\/revisions\/25668"}],"wp:attachment":[{"href":"https:\/\/extranet.who.int\/agefriendlyworld\/wp-json\/wp\/v2\/media?parent=7762"}],"curies":[{"name":"wp","href":"https:\/\/api.w.org\/{rel}","templated":true}]}}